{"id":1355,"date":"2015-04-17T13:48:38","date_gmt":"2015-04-17T13:48:38","guid":{"rendered":"http:\/\/www.heynekunstfabrik.de\/tape-it\/?page_id=1355"},"modified":"2016-07-27T18:07:50","modified_gmt":"2016-07-27T18:07:50","slug":"spendenkonto","status":"publish","type":"page","link":"https:\/\/heynekunstfabrik.de\/home\/spendenkonto\/","title":{"rendered":"Spenden"},"content":{"rendered":"<p>Die Heyne Kunst Fabrik gemeinn\u00fctzige GmbH ist berechtigt (gem\u00e4\u00df Bescheid vom 29. Oktober 2012) Zuwendungsbest\u00e4tigungen f\u00fcr Spenden nach \u00a7 50 Abs. 1 EStDV auszustellen.<\/p>\n<p>Die Spenden werden ausschlie\u00dflich zweckbezogen zur F\u00f6rderung der Kunst und Kultur eingesetzt.<\/p>\n<p>Derzeit sucht die Heyne Kunst Fabrik neue R\u00e4umlichkeiten mit Ausstrahlung. Bevorzugt Loftr\u00e4ume, eine Kirche oder alte Industriebauten.<br \/>\nHierzu sucht die HKF auch Unterst\u00fctzung in finanzieller Form, ggfs. auch f\u00fcr den Erwerb einer Immobilie.<\/p>\n<p>Wenn Sie die T\u00e4tigkeit der Heyne Kunst Fabrik mit Ihrer Spende unterst\u00fctzen m\u00f6chten, so erm\u00f6glichen Sie einerseits den laufenden Betrieb der Kunsthalle und auch die Durchf\u00fchrung von\u00a0 Ausstellungen in Kooperation mit K\u00fcnstlern oder Kunstinstituten in Deutschland und Europa.<\/p>\n<p>Insbesondere f\u00fcr die Einladung von K\u00fcnstlern aus dem Ausland ben\u00f6tigen wir Unterst\u00fctzung in Form von Spenden.<\/p>\n<p><strong>Unser Spendenkonto:\u00a0<\/strong><\/p>\n<p>Heyne Kunst Fabrik gemeinn\u00fctzige GmbH<br \/>\nStadtsparkasse Offenbach<br \/>\nKonto-Nr.:\u00a0\u00a0 148 962<br \/>\nBLZ:\u00a0\u00a0\u00a0\u00a0\u00a0\u00a0\u00a0\u00a0\u00a0\u00a0 505 500 20<\/p>\n<p>Betreff:\u00a0\u00a0\u00a0\u00a0\u00a0\u00a0 Kunstf\u00f6rderung<\/p>\n<p>Wenn Sie als Sponsor genannt werden m\u00f6chten, geben Sie bitte das Stichwort SPONSORENNENNUnG mit auf der \u00dcberweisung an. Dann nehmen wir Ihren Namen ohne Nennung des Betrages in die Liste der Unterst\u00fctzer und Freunde der Heyne Kunst Fabrik auf.<\/p>\n<p>Langfristiges Ziel ist es, eine Stiftung zu gr\u00fcnden mit dem Ziel der F\u00f6rderung der Kunst, mit Standort in Offenbach am Main. Zweites erkl\u00e4rtes Ziel ist es, F\u00f6rderer und M\u00e4zene zu finden, die durch Stiftung oder Nachl\u00e4sse der Heyne Kunst Fabrik den Erwerb eines eigenen Geb\u00e4udes in Offenbach erm\u00f6glichen, um die Sammlung der Heyne Kunst Fabrik dauerhaft zug\u00e4nglich zu machen und Raum zu bieten f\u00fcr Wechselausstellungen.<\/p>\n<p>Mit einer Spende unterst\u00fctzen sie das kulturelle Leben Offenbachs.<\/p>\n","protected":false},"excerpt":{"rendered":"<p>Die Heyne Kunst Fabrik gemeinn\u00fctzige GmbH ist berechtigt (gem\u00e4\u00df Bescheid vom 29. Oktober 2012) Zuwendungsbest\u00e4tigungen f\u00fcr Spenden nach \u00a7 50 Abs. 1 EStDV auszustellen. Die Spenden werden ausschlie\u00dflich zweckbezogen zur F\u00f6rderung der Kunst und Kultur eingesetzt. Derzeit sucht die Heyne Kunst Fabrik neue R\u00e4umlichkeiten mit Ausstrahlung. Bevorzugt Loftr\u00e4ume, eine Kirche oder alte Industriebauten. Hierzu sucht [&hellip;]<\/p>\n","protected":false},"author":1,"featured_media":0,"parent":0,"menu_order":0,"comment_status":"closed","ping_status":"closed","template":"","meta":{"ngg_post_thumbnail":0,"footnotes":""},"_links":{"self":[{"href":"https:\/\/heynekunstfabrik.de\/home\/wp-json\/wp\/v2\/pages\/1355"}],"collection":[{"href":"https:\/\/heynekunstfabrik.de\/home\/wp-json\/wp\/v2\/pages"}],"about":[{"href":"https:\/\/heynekunstfabrik.de\/home\/wp-json\/wp\/v2\/types\/page"}],"author":[{"embeddable":true,"href":"https:\/\/heynekunstfabrik.de\/home\/wp-json\/wp\/v2\/users\/1"}],"replies":[{"embeddable":true,"href":"https:\/\/heynekunstfabrik.de\/home\/wp-json\/wp\/v2\/comments?post=1355"}],"version-history":[{"count":6,"href":"https:\/\/heynekunstfabrik.de\/home\/wp-json\/wp\/v2\/pages\/1355\/revisions"}],"predecessor-version":[{"id":2138,"href":"https:\/\/heynekunstfabrik.de\/home\/wp-json\/wp\/v2\/pages\/1355\/revisions\/2138"}],"wp:attachment":[{"href":"https:\/\/heynekunstfabrik.de\/home\/wp-json\/wp\/v2\/media?parent=1355"}],"curies":[{"name":"wp","href":"https:\/\/api.w.org\/{rel}","templated":true}]}}