{"id":3651,"date":"2024-07-04T08:56:22","date_gmt":"2024-07-04T08:56:22","guid":{"rendered":"https:\/\/heynekunstfabrik.de\/home\/?page_id=3651"},"modified":"2024-07-04T08:58:13","modified_gmt":"2024-07-04T08:58:13","slug":"elego-kuenstler-vita-2","status":"publish","type":"page","link":"https:\/\/heynekunstfabrik.de\/home\/elego-kuenstler-vita-2\/","title":{"rendered":"ELEGO \u2013 K\u00fcnstler Vita"},"content":{"rendered":"\n<div class=\"wp-block-columns is-layout-flex wp-container-core-columns-is-layout-1 wp-block-columns-is-layout-flex\">\n<div class=\"wp-block-column is-layout-flow wp-block-column-is-layout-flow\" style=\"flex-basis:50%\">\n<div class=\"wp-block-group is-nowrap is-layout-flex wp-container-core-group-is-layout-1 wp-block-group-is-layout-flex\">\n<figure class=\"wp-block-image size-full is-resized\"><a href=\"https:\/\/heynekunstfabrik.de\/home\/wp-content\/uploads\/2021\/07\/IMG_8782.jpg\"><img loading=\"lazy\" decoding=\"async\" width=\"1024\" height=\"683\" src=\"https:\/\/heynekunstfabrik.de\/home\/wp-content\/uploads\/2021\/07\/IMG_8782.jpg\" alt=\"\" class=\"wp-image-2482\" style=\"width:498px;height:auto\" srcset=\"https:\/\/heynekunstfabrik.de\/home\/wp-content\/uploads\/2021\/07\/IMG_8782.jpg 1024w, https:\/\/heynekunstfabrik.de\/home\/wp-content\/uploads\/2021\/07\/IMG_8782-300x200.jpg 300w, https:\/\/heynekunstfabrik.de\/home\/wp-content\/uploads\/2021\/07\/IMG_8782-150x100.jpg 150w\" sizes=\"(max-width: 1024px) 100vw, 1024px\" \/><\/a><\/figure>\n<\/div>\n<\/div>\n\n\n\n<div class=\"wp-block-column is-layout-flow wp-block-column-is-layout-flow\" style=\"flex-basis:50%\">\n<p><strong>Epikunst<\/strong><br>Epikunst ist Kunst \u00fcber die Kunst. bedeutet, dass sich etwas auf etwas anderes draufsetzt. So wie Epiphyten Pflanzen sind, die an anderen Pflanzen hochranken und auf diesen leben, so befasst sich Epikunst mit anderer Kunst und nimmt diese zur Basis. Sie reflektiert Kunst und K\u00fcnstler auf einer Metaebene, inspiriert durch den Ausspruch von Jean-Christophe Ammann: \u201eEin K\u00fcnstler kann heute nichts mehr neu entwickeln, allenfalls f\u00fcr sich etwas neu entdecken.\u201c<br><br><a href=\"https:\/\/www.carsten-siebert.de\/el_ego\/\" data-type=\"link\" data-id=\"https:\/\/www.carsten-siebert.de\/el_ego\/\">Website ELEGO<\/a><br><a href=\"https:\/\/www.youtube.com\/watch?v=Nc6gRhpzDvg&amp;list=PLmtEz_umcNCaXYqBnngfsgoa8Vc3K8eyY\" data-type=\"link\" data-id=\"https:\/\/www.youtube.com\/watch?v=Nc6gRhpzDvg&amp;list=PLmtEz_umcNCaXYqBnngfsgoa8Vc3K8eyY\">Youtube ELEGO<\/a><br><\/p>\n<\/div>\n<\/div>\n\n\n\n<p><br><strong>Erw\u00e4hnungen<\/strong><br>In der Kunst-Zeitung vom April 2018 finden Sie den Beitrag \u201eGegen das Vergessen\u201c <br>von Dorothee Baer-Bogensch\u00fctz \u00fcber meine Lego-Arbeiten.<br>In der Gelnh\u00e4user Neue Zeitung erschien 2021 ein gro\u00dfer Beitrag zur Ausstellung <br>in Bad Orb. Im Informationsdienst KUNST wurde 2021 auf EL EGO hingewiesen.<br>In der Mainzer Allgemeine Zeitung erschienen im Februar 2022 und im M\u00e4rz 2023 <br>gro\u00dfe Artikel zur Ausstellung in der Mainzer Kunst Galerie.<br>2023 Aufnahme von 4 Videoarbeiten in das Stadtlabor Digital des <br>Historischen Museum Frankfurt.<\/p>\n\n\n\n<p><strong>Sammlungen<\/strong><br>Im Jahr 2023 wurden 2 Werke vom Historischen Museum Frankfurt in die Sammlung aufgenommen.<br>Arbeiten von EL EGO finden sich in privaten Sammlungen in Frankfurt, Mainz, Wiesbaden, <br>Offenbach, Bad Orb, Darmstadt, Hamburg, St. Augustin, K\u00f6ln, M\u00fcnchen, Polling, <br>Maastricht, London, Ettlingen, Bonn, Berlin<\/p>\n\n\n\n<p><strong>Ausstellungen<\/strong><br><br><strong>2018<\/strong><br>\u2013 Klingspor Museum, Offenbach; Einzelausstellung zum Internationalen Museumstag<br>\u2013 Walpodenakademie, Mainz; Gruppenausstellung und Einzelausstellung<br>\u2013 Kunstverein Kunstraum Neureut, Karlsruhe; Gruppenausstellung<br>\u2013 Cornelia Genschow Galerie, Bonn; Einzelausstellung<br>\u2013 Galerie Mainzer Kunst! Mainz; Gruppenausstellung<\/p>\n\n\n\n<p><strong>2019<\/strong><br>\u2013 Discovery Art Fair, K\u00f6ln; Messe<br>\u2013 RubrechtContemporary, Wiesbaden; Gruppenausstellung<br>\u2013 PontArt Galerie, Maastricht\/NL; Gruppenausstellung<br>\u2013 Evonik, Hanau-Wolfgang; Einzelausstellung<br>\u2013 Galerie ROOT, Berlin; Doppelausstellung<br>\u2013 Discovery Art Fair, Frankfurt am Main; Messe<br><br><strong>&nbsp;2020<\/strong><br>\u2013 KunstRaum Riedberg, Frankfurt am Main; Gruppenausstellung<br>\u2013 Discovery Art Fair, Frankfurt am Main; Messe<br>\u2013 Walkm\u00fchle, Wiesbaden; Gruppenausstellung<br><br><strong>2021<\/strong><br>\u2013 Heyne Kunst Fabrik, Bad Orb; Einzelausstellung<br>\u2013 B.K.I., Frankfurt; Gruppenausstellung<br>\u2013 KunstKaufLaden, Hanau; Gruppenausstellung<br>\u2013 Die Vitrine, Mainz; Gruppenausstellung<\/p>\n\n\n\n<p><strong>2022<\/strong><br>\u2013 Mainzer Kunst Galerie, Mainz; Einzelausstellung<br>\u2013 Walkm\u00fchle, Wiesbaden; Gruppenausstellung<br>\u2013 Galerie ROOT, Berlin; Gruppenausstellung<br>\u2013 AtelierFrankfurt, Frankfurt am Main; Gruppenausstellung<\/p>\n\n\n\n<p><strong>2023<\/strong><br>\u2013 KunstKabinett Bad Soden; Gruppenausstellung<br>\u2013 3x Klingeln, Mainz; Einzelausstellung<br>\u2013 Tatorte Kunst, Wiesbaden; Einzelausstellung<br>\u2013 Neuer Kunst Verein Aschaffenburg; Gruppenausstellung<br>\u2013 Walkm\u00fchle, Wiesbaden; Gruppenausstellung<br>\u2013 Kunstverein Familie Montez, Frankfurt am Main; Gruppenausstellung<\/p>\n\n\n\n<p><strong>2024<\/strong><br>\u2013 Kurze Nacht der Museen und Galerien, Wiesbaden; Einzelausstellung<\/p>\n","protected":false},"excerpt":{"rendered":"<p>EpikunstEpikunst ist Kunst \u00fcber die Kunst. bedeutet, dass sich etwas auf etwas anderes draufsetzt. So wie Epiphyten Pflanzen sind, die an anderen Pflanzen hochranken und auf diesen leben, so befasst sich Epikunst mit anderer Kunst und nimmt diese zur Basis. Sie reflektiert Kunst und K\u00fcnstler auf einer Metaebene, inspiriert durch den Ausspruch von Jean-Christophe Ammann: [&hellip;]<\/p>\n","protected":false},"author":1,"featured_media":0,"parent":0,"menu_order":0,"comment_status":"closed","ping_status":"closed","template":"templates\/fullwidth.php","meta":{"ngg_post_thumbnail":0,"footnotes":""},"_links":{"self":[{"href":"https:\/\/heynekunstfabrik.de\/home\/wp-json\/wp\/v2\/pages\/3651"}],"collection":[{"href":"https:\/\/heynekunstfabrik.de\/home\/wp-json\/wp\/v2\/pages"}],"about":[{"href":"https:\/\/heynekunstfabrik.de\/home\/wp-json\/wp\/v2\/types\/page"}],"author":[{"embeddable":true,"href":"https:\/\/heynekunstfabrik.de\/home\/wp-json\/wp\/v2\/users\/1"}],"replies":[{"embeddable":true,"href":"https:\/\/heynekunstfabrik.de\/home\/wp-json\/wp\/v2\/comments?post=3651"}],"version-history":[{"count":5,"href":"https:\/\/heynekunstfabrik.de\/home\/wp-json\/wp\/v2\/pages\/3651\/revisions"}],"predecessor-version":[{"id":3679,"href":"https:\/\/heynekunstfabrik.de\/home\/wp-json\/wp\/v2\/pages\/3651\/revisions\/3679"}],"wp:attachment":[{"href":"https:\/\/heynekunstfabrik.de\/home\/wp-json\/wp\/v2\/media?parent=3651"}],"curies":[{"name":"wp","href":"https:\/\/api.w.org\/{rel}","templated":true}]}}