{"id":82,"date":"2015-01-14T09:15:36","date_gmt":"2015-01-14T09:15:36","guid":{"rendered":"http:\/\/www.heynekunstfabrik.de\/tape-it\/?page_id=82"},"modified":"2024-06-24T15:13:07","modified_gmt":"2024-06-24T15:13:07","slug":"tape-it","status":"publish","type":"page","link":"https:\/\/heynekunstfabrik.de\/home\/tape-it\/","title":{"rendered":"2015 \u2013 &#8222;Sculptures3&#8220;"},"content":{"rendered":"<h1><span style=\"font-size: 14pt;\"><span style=\"color: #0093d2;\">12. Juni \u2013\u00a019. Juli 2015<br \/>\n<\/span><\/span><span style=\"color: #0093d2; font-size: 24pt;\">Sculptures<sup>3<\/sup><\/span><\/h1>\n<p>Drei K\u00fcnstler zeigen Skulpturen, wie sie unterschiedlicher nicht sein k\u00f6nnten, obwohl sie teilweise mit den gleichen Materialien arbeiten. Holz, Metalle, erg\u00e4nzt um Farbe und weitere Bestandteile. Peter Vaughan schafft architektonische, teils auch biomorph anmutende Objekte, die im Gegensatz zu anderen Skulpturen scheinbar keine Vorder- und keine R\u00fcckseite haben, da sie aus allen Perspektiven nach der Vollkommenheit der Form streben. Andreas Christian Voss konzipiert skulpturale Flipperobjekte und befriedigt damit den Spieltrieb und das k\u00fcnstlerische Auge gleicherma\u00dfen, in dem er die in der Horizontale voll funktionsf\u00e4higen Objektk\u00e4sten h\u00e4ngend an die Wand platziert. Man kann, muss sie aber nicht zum Spiel benutzen. Andreas Welzenbach konstruiert mechanisch-makabere Holzskulpturen und Objekte, bei der der Betrachter teils selbst Hand anlegen darf. Er thematisiert existenzielle Fragen und bricht bewusst mit den etablierten Vorstellungen von Kunst und Konventionen einer kleinb\u00fcrgerlichen \u00c4sthetik. Die feine Ironie und der schwarze Humor des K\u00fcnstlers, die seinen Objekten innewohnen, helfen dabei, die Absurdit\u00e4t menschlichen Tuns zu entlarfen. So sind Welzenbach, Voss und Vaughan in einer Schau vereint als drei g\u00e4nzlich unterschiedliche Botschafter skulpturalen Schaffens.<\/p>\n<p><span style=\"font-size: 12pt;\">Vernissage: Freitag, 12.06. um 19:00 Uhr<br \/>\n<\/span><\/p>\n<p><span style=\"font-size: 12pt;\"><strong>Peter Vaughan<\/strong>\u00a0<a href=\"http:\/\/www.vaughan-art.de\">\u00a0www.vaughan-art.de<\/a><\/span><\/p>\n<p><span style=\"font-size: 12pt;\"><strong>Andreas Christian Voss<\/strong> \u00a0<a href=\"http:\/\/www.talentwerkstatt.eu\">www.talentwerkstatt.eu<\/a><\/span><\/p>\n<p><span style=\"font-size: 12pt;\"><strong>Andreas Welzenbach<\/strong> \u00a0<a href=\"http:\/\/www.andreas-welzenbach.de\">www.andreas-welzenbach.de<\/a><\/span><\/p>\n<p>&nbsp;<\/p>\n<p><a href=\"http:\/\/www.heynekunstfabrik.de\/tape-it\/wp-content\/uploads\/2015\/01\/Bildschirmfoto-2015-06-11-um-16.09.40.jpg\"><img loading=\"lazy\" decoding=\"async\" class=\"alignnone wp-image-1433 size-full\" src=\"http:\/\/www.heynekunstfabrik.de\/tape-it\/wp-content\/uploads\/2015\/01\/Bildschirmfoto-2015-06-11-um-16.09.40.jpg\" alt=\"\" width=\"893\" height=\"639\" srcset=\"https:\/\/heynekunstfabrik.de\/home\/wp-content\/uploads\/2015\/01\/Bildschirmfoto-2015-06-11-um-16.09.40.jpg 893w, https:\/\/heynekunstfabrik.de\/home\/wp-content\/uploads\/2015\/01\/Bildschirmfoto-2015-06-11-um-16.09.40-300x215.jpg 300w, https:\/\/heynekunstfabrik.de\/home\/wp-content\/uploads\/2015\/01\/Bildschirmfoto-2015-06-11-um-16.09.40-150x107.jpg 150w\" sizes=\"(max-width: 893px) 100vw, 893px\" \/><\/a><a href=\"http:\/\/www.heynekunstfabrik.de\/tape-it\/wp-content\/uploads\/2015\/01\/Bildschirmfoto-2015-06-11-um-16.10.30.jpg\"><img loading=\"lazy\" decoding=\"async\" class=\"alignnone wp-image-1436 size-full\" src=\"http:\/\/www.heynekunstfabrik.de\/tape-it\/wp-content\/uploads\/2015\/01\/Bildschirmfoto-2015-06-11-um-16.10.30.jpg\" alt=\"\" width=\"891\" height=\"641\" srcset=\"https:\/\/heynekunstfabrik.de\/home\/wp-content\/uploads\/2015\/01\/Bildschirmfoto-2015-06-11-um-16.10.30.jpg 891w, https:\/\/heynekunstfabrik.de\/home\/wp-content\/uploads\/2015\/01\/Bildschirmfoto-2015-06-11-um-16.10.30-300x216.jpg 300w, https:\/\/heynekunstfabrik.de\/home\/wp-content\/uploads\/2015\/01\/Bildschirmfoto-2015-06-11-um-16.10.30-150x108.jpg 150w\" sizes=\"(max-width: 891px) 100vw, 891px\" \/><\/a><\/p>\n<p><a href=\"http:\/\/www.heynekunstfabrik.de\/tape-it\/wp-content\/uploads\/2015\/01\/Bildschirmfoto-2015-06-11-um-16.09.55.jpg\"><img loading=\"lazy\" decoding=\"async\" class=\"alignnone wp-image-1434 size-full\" src=\"http:\/\/www.heynekunstfabrik.de\/tape-it\/wp-content\/uploads\/2015\/01\/Bildschirmfoto-2015-06-11-um-16.09.55.jpg\" alt=\"\" width=\"893\" height=\"633\" srcset=\"https:\/\/heynekunstfabrik.de\/home\/wp-content\/uploads\/2015\/01\/Bildschirmfoto-2015-06-11-um-16.09.55.jpg 893w, https:\/\/heynekunstfabrik.de\/home\/wp-content\/uploads\/2015\/01\/Bildschirmfoto-2015-06-11-um-16.09.55-300x213.jpg 300w, https:\/\/heynekunstfabrik.de\/home\/wp-content\/uploads\/2015\/01\/Bildschirmfoto-2015-06-11-um-16.09.55-150x106.jpg 150w\" sizes=\"(max-width: 893px) 100vw, 893px\" \/><\/a><a href=\"http:\/\/www.heynekunstfabrik.de\/tape-it\/wp-content\/uploads\/2015\/01\/Bildschirmfoto-2015-06-11-um-16.10.53.jpg\"><img loading=\"lazy\" decoding=\"async\" class=\"alignnone wp-image-1437 size-full\" src=\"http:\/\/www.heynekunstfabrik.de\/tape-it\/wp-content\/uploads\/2015\/01\/Bildschirmfoto-2015-06-11-um-16.10.53.jpg\" alt=\"\" width=\"892\" height=\"640\" srcset=\"https:\/\/heynekunstfabrik.de\/home\/wp-content\/uploads\/2015\/01\/Bildschirmfoto-2015-06-11-um-16.10.53.jpg 892w, https:\/\/heynekunstfabrik.de\/home\/wp-content\/uploads\/2015\/01\/Bildschirmfoto-2015-06-11-um-16.10.53-300x215.jpg 300w, https:\/\/heynekunstfabrik.de\/home\/wp-content\/uploads\/2015\/01\/Bildschirmfoto-2015-06-11-um-16.10.53-150x108.jpg 150w\" sizes=\"(max-width: 892px) 100vw, 892px\" \/><\/a><\/p>\n<p><a href=\"http:\/\/www.heynekunstfabrik.de\/tape-it\/wp-content\/uploads\/2015\/01\/Bildschirmfoto-2015-06-11-um-16.10.10.jpg\"><img loading=\"lazy\" decoding=\"async\" class=\"alignnone wp-image-1435 size-full\" src=\"http:\/\/www.heynekunstfabrik.de\/tape-it\/wp-content\/uploads\/2015\/01\/Bildschirmfoto-2015-06-11-um-16.10.10.jpg\" alt=\"\" width=\"891\" height=\"639\" srcset=\"https:\/\/heynekunstfabrik.de\/home\/wp-content\/uploads\/2015\/01\/Bildschirmfoto-2015-06-11-um-16.10.10.jpg 891w, https:\/\/heynekunstfabrik.de\/home\/wp-content\/uploads\/2015\/01\/Bildschirmfoto-2015-06-11-um-16.10.10-300x215.jpg 300w, https:\/\/heynekunstfabrik.de\/home\/wp-content\/uploads\/2015\/01\/Bildschirmfoto-2015-06-11-um-16.10.10-150x108.jpg 150w\" sizes=\"(max-width: 891px) 100vw, 891px\" \/><\/a>\u00a0\u00a0 <a href=\"http:\/\/www.heynekunstfabrik.de\/tape-it\/wp-content\/uploads\/2015\/01\/Bildschirmfoto-2015-06-11-um-16.11.07.jpg\"><img loading=\"lazy\" decoding=\"async\" class=\"alignnone wp-image-1438 size-full\" src=\"http:\/\/www.heynekunstfabrik.de\/tape-it\/wp-content\/uploads\/2015\/01\/Bildschirmfoto-2015-06-11-um-16.11.07.jpg\" alt=\"\" width=\"892\" height=\"640\" srcset=\"https:\/\/heynekunstfabrik.de\/home\/wp-content\/uploads\/2015\/01\/Bildschirmfoto-2015-06-11-um-16.11.07.jpg 892w, https:\/\/heynekunstfabrik.de\/home\/wp-content\/uploads\/2015\/01\/Bildschirmfoto-2015-06-11-um-16.11.07-300x215.jpg 300w, https:\/\/heynekunstfabrik.de\/home\/wp-content\/uploads\/2015\/01\/Bildschirmfoto-2015-06-11-um-16.11.07-150x108.jpg 150w\" sizes=\"(max-width: 892px) 100vw, 892px\" \/><\/a><\/p>\n<p>&nbsp;<\/p>\n\n\t\t<style type=\"text\/css\">\n\t\t\t#gallery-1 {\n\t\t\t\tmargin: auto;\n\t\t\t}\n\t\t\t#gallery-1 .gallery-item {\n\t\t\t\tfloat: left;\n\t\t\t\tmargin-top: 10px;\n\t\t\t\ttext-align: center;\n\t\t\t\twidth: 50%;\n\t\t\t}\n\t\t\t#gallery-1 img {\n\t\t\t\tborder: 2px solid #cfcfcf;\n\t\t\t}\n\t\t\t#gallery-1 .gallery-caption {\n\t\t\t\tmargin-left: 0;\n\t\t\t}\n\t\t\t\/* see gallery_shortcode() in wp-includes\/media.php *\/\n\t\t<\/style>\n\t\t<div id='gallery-1' class='gallery galleryid-82 gallery-columns-2 gallery-size-large'><dl class='gallery-item'>\n\t\t\t<dt class='gallery-icon landscape'>\n\t\t\t\t<img loading=\"lazy\" decoding=\"async\" width=\"980\" height=\"654\" src=\"https:\/\/heynekunstfabrik.de\/home\/wp-content\/uploads\/2015\/01\/IMG_0062-1024x683.jpg\" class=\"attachment-large size-large\" alt=\"\" srcset=\"https:\/\/heynekunstfabrik.de\/home\/wp-content\/uploads\/2015\/01\/IMG_0062-1024x683.jpg 1024w, https:\/\/heynekunstfabrik.de\/home\/wp-content\/uploads\/2015\/01\/IMG_0062-300x200.jpg 300w, https:\/\/heynekunstfabrik.de\/home\/wp-content\/uploads\/2015\/01\/IMG_0062-150x100.jpg 150w, https:\/\/heynekunstfabrik.de\/home\/wp-content\/uploads\/2015\/01\/IMG_0062.jpg 1500w\" sizes=\"(max-width: 980px) 100vw, 980px\" \/>\n\t\t\t<\/dt><\/dl><dl class='gallery-item'>\n\t\t\t<dt class='gallery-icon landscape'>\n\t\t\t\t<img loading=\"lazy\" decoding=\"async\" width=\"980\" height=\"654\" src=\"https:\/\/heynekunstfabrik.de\/home\/wp-content\/uploads\/2015\/01\/IMG_0071-1024x683.jpg\" class=\"attachment-large size-large\" alt=\"\" srcset=\"https:\/\/heynekunstfabrik.de\/home\/wp-content\/uploads\/2015\/01\/IMG_0071-1024x683.jpg 1024w, https:\/\/heynekunstfabrik.de\/home\/wp-content\/uploads\/2015\/01\/IMG_0071-300x200.jpg 300w, https:\/\/heynekunstfabrik.de\/home\/wp-content\/uploads\/2015\/01\/IMG_0071-150x100.jpg 150w, https:\/\/heynekunstfabrik.de\/home\/wp-content\/uploads\/2015\/01\/IMG_0071.jpg 1500w\" sizes=\"(max-width: 980px) 100vw, 980px\" \/>\n\t\t\t<\/dt><\/dl><br style=\"clear: both\" \/><dl class='gallery-item'>\n\t\t\t<dt class='gallery-icon landscape'>\n\t\t\t\t<img loading=\"lazy\" decoding=\"async\" width=\"980\" height=\"654\" src=\"https:\/\/heynekunstfabrik.de\/home\/wp-content\/uploads\/2015\/01\/IMG_0069-1024x683.jpg\" class=\"attachment-large size-large\" alt=\"\" srcset=\"https:\/\/heynekunstfabrik.de\/home\/wp-content\/uploads\/2015\/01\/IMG_0069-1024x683.jpg 1024w, https:\/\/heynekunstfabrik.de\/home\/wp-content\/uploads\/2015\/01\/IMG_0069-300x200.jpg 300w, https:\/\/heynekunstfabrik.de\/home\/wp-content\/uploads\/2015\/01\/IMG_0069-150x100.jpg 150w, https:\/\/heynekunstfabrik.de\/home\/wp-content\/uploads\/2015\/01\/IMG_0069.jpg 1500w\" sizes=\"(max-width: 980px) 100vw, 980px\" \/>\n\t\t\t<\/dt><\/dl><dl class='gallery-item'>\n\t\t\t<dt class='gallery-icon landscape'>\n\t\t\t\t<img loading=\"lazy\" decoding=\"async\" width=\"980\" height=\"654\" src=\"https:\/\/heynekunstfabrik.de\/home\/wp-content\/uploads\/2015\/01\/IMG_0074-1024x683.jpg\" class=\"attachment-large size-large\" alt=\"\" srcset=\"https:\/\/heynekunstfabrik.de\/home\/wp-content\/uploads\/2015\/01\/IMG_0074-1024x683.jpg 1024w, https:\/\/heynekunstfabrik.de\/home\/wp-content\/uploads\/2015\/01\/IMG_0074-300x200.jpg 300w, https:\/\/heynekunstfabrik.de\/home\/wp-content\/uploads\/2015\/01\/IMG_0074-150x100.jpg 150w, https:\/\/heynekunstfabrik.de\/home\/wp-content\/uploads\/2015\/01\/IMG_0074.jpg 1500w\" sizes=\"(max-width: 980px) 100vw, 980px\" \/>\n\t\t\t<\/dt><\/dl><br style=\"clear: both\" \/><dl class='gallery-item'>\n\t\t\t<dt class='gallery-icon landscape'>\n\t\t\t\t<img loading=\"lazy\" decoding=\"async\" width=\"980\" height=\"654\" src=\"https:\/\/heynekunstfabrik.de\/home\/wp-content\/uploads\/2015\/01\/IMG_0072-1024x683.jpg\" class=\"attachment-large size-large\" alt=\"\" srcset=\"https:\/\/heynekunstfabrik.de\/home\/wp-content\/uploads\/2015\/01\/IMG_0072-1024x683.jpg 1024w, https:\/\/heynekunstfabrik.de\/home\/wp-content\/uploads\/2015\/01\/IMG_0072-300x200.jpg 300w, https:\/\/heynekunstfabrik.de\/home\/wp-content\/uploads\/2015\/01\/IMG_0072-150x100.jpg 150w, https:\/\/heynekunstfabrik.de\/home\/wp-content\/uploads\/2015\/01\/IMG_0072.jpg 1500w\" sizes=\"(max-width: 980px) 100vw, 980px\" \/>\n\t\t\t<\/dt><\/dl><dl class='gallery-item'>\n\t\t\t<dt class='gallery-icon landscape'>\n\t\t\t\t<img loading=\"lazy\" decoding=\"async\" width=\"980\" height=\"654\" src=\"https:\/\/heynekunstfabrik.de\/home\/wp-content\/uploads\/2015\/01\/IMG_0066-1024x683.jpg\" class=\"attachment-large size-large\" alt=\"\" srcset=\"https:\/\/heynekunstfabrik.de\/home\/wp-content\/uploads\/2015\/01\/IMG_0066-1024x683.jpg 1024w, https:\/\/heynekunstfabrik.de\/home\/wp-content\/uploads\/2015\/01\/IMG_0066-300x200.jpg 300w, https:\/\/heynekunstfabrik.de\/home\/wp-content\/uploads\/2015\/01\/IMG_0066-150x100.jpg 150w, https:\/\/heynekunstfabrik.de\/home\/wp-content\/uploads\/2015\/01\/IMG_0066.jpg 1500w\" sizes=\"(max-width: 980px) 100vw, 980px\" \/>\n\t\t\t<\/dt><\/dl><br style=\"clear: both\" \/><dl class='gallery-item'>\n\t\t\t<dt class='gallery-icon landscape'>\n\t\t\t\t<img loading=\"lazy\" decoding=\"async\" width=\"980\" height=\"654\" src=\"https:\/\/heynekunstfabrik.de\/home\/wp-content\/uploads\/2015\/01\/IMG-0065-1024x683.jpg\" class=\"attachment-large size-large\" alt=\"\" srcset=\"https:\/\/heynekunstfabrik.de\/home\/wp-content\/uploads\/2015\/01\/IMG-0065-1024x683.jpg 1024w, https:\/\/heynekunstfabrik.de\/home\/wp-content\/uploads\/2015\/01\/IMG-0065-300x200.jpg 300w, https:\/\/heynekunstfabrik.de\/home\/wp-content\/uploads\/2015\/01\/IMG-0065-150x100.jpg 150w, https:\/\/heynekunstfabrik.de\/home\/wp-content\/uploads\/2015\/01\/IMG-0065.jpg 1500w\" sizes=\"(max-width: 980px) 100vw, 980px\" \/>\n\t\t\t<\/dt><\/dl><dl class='gallery-item'>\n\t\t\t<dt class='gallery-icon landscape'>\n\t\t\t\t<img loading=\"lazy\" decoding=\"async\" width=\"980\" height=\"654\" src=\"https:\/\/heynekunstfabrik.de\/home\/wp-content\/uploads\/2015\/01\/IMG_0068-1024x683.jpg\" class=\"attachment-large size-large\" alt=\"\" srcset=\"https:\/\/heynekunstfabrik.de\/home\/wp-content\/uploads\/2015\/01\/IMG_0068-1024x683.jpg 1024w, https:\/\/heynekunstfabrik.de\/home\/wp-content\/uploads\/2015\/01\/IMG_0068-300x200.jpg 300w, https:\/\/heynekunstfabrik.de\/home\/wp-content\/uploads\/2015\/01\/IMG_0068-150x100.jpg 150w, https:\/\/heynekunstfabrik.de\/home\/wp-content\/uploads\/2015\/01\/IMG_0068.jpg 1500w\" sizes=\"(max-width: 980px) 100vw, 980px\" \/>\n\t\t\t<\/dt><\/dl><br style=\"clear: both\" \/><dl class='gallery-item'>\n\t\t\t<dt class='gallery-icon landscape'>\n\t\t\t\t<img loading=\"lazy\" decoding=\"async\" width=\"980\" height=\"654\" src=\"https:\/\/heynekunstfabrik.de\/home\/wp-content\/uploads\/2015\/01\/IMG_9825-1024x683.jpg\" class=\"attachment-large size-large\" alt=\"\" srcset=\"https:\/\/heynekunstfabrik.de\/home\/wp-content\/uploads\/2015\/01\/IMG_9825-1024x683.jpg 1024w, https:\/\/heynekunstfabrik.de\/home\/wp-content\/uploads\/2015\/01\/IMG_9825-300x200.jpg 300w, https:\/\/heynekunstfabrik.de\/home\/wp-content\/uploads\/2015\/01\/IMG_9825-150x100.jpg 150w, https:\/\/heynekunstfabrik.de\/home\/wp-content\/uploads\/2015\/01\/IMG_9825.jpg 1500w\" sizes=\"(max-width: 980px) 100vw, 980px\" \/>\n\t\t\t<\/dt><\/dl><dl class='gallery-item'>\n\t\t\t<dt class='gallery-icon landscape'>\n\t\t\t\t<img loading=\"lazy\" decoding=\"async\" width=\"980\" height=\"654\" src=\"https:\/\/heynekunstfabrik.de\/home\/wp-content\/uploads\/2015\/01\/IMG_9824-1024x683.jpg\" class=\"attachment-large size-large\" alt=\"\" srcset=\"https:\/\/heynekunstfabrik.de\/home\/wp-content\/uploads\/2015\/01\/IMG_9824-1024x683.jpg 1024w, https:\/\/heynekunstfabrik.de\/home\/wp-content\/uploads\/2015\/01\/IMG_9824-300x200.jpg 300w, https:\/\/heynekunstfabrik.de\/home\/wp-content\/uploads\/2015\/01\/IMG_9824-150x100.jpg 150w, https:\/\/heynekunstfabrik.de\/home\/wp-content\/uploads\/2015\/01\/IMG_9824.jpg 1500w\" sizes=\"(max-width: 980px) 100vw, 980px\" \/>\n\t\t\t<\/dt><\/dl><br style=\"clear: both\" \/><dl class='gallery-item'>\n\t\t\t<dt class='gallery-icon landscape'>\n\t\t\t\t<img loading=\"lazy\" decoding=\"async\" width=\"980\" height=\"654\" src=\"https:\/\/heynekunstfabrik.de\/home\/wp-content\/uploads\/2015\/01\/IMG_9838-1024x683.jpg\" class=\"attachment-large size-large\" alt=\"\" srcset=\"https:\/\/heynekunstfabrik.de\/home\/wp-content\/uploads\/2015\/01\/IMG_9838-1024x683.jpg 1024w, https:\/\/heynekunstfabrik.de\/home\/wp-content\/uploads\/2015\/01\/IMG_9838-300x200.jpg 300w, https:\/\/heynekunstfabrik.de\/home\/wp-content\/uploads\/2015\/01\/IMG_9838-150x100.jpg 150w, https:\/\/heynekunstfabrik.de\/home\/wp-content\/uploads\/2015\/01\/IMG_9838.jpg 1500w\" sizes=\"(max-width: 980px) 100vw, 980px\" \/>\n\t\t\t<\/dt><\/dl>\n\t\t\t<br style='clear: both' \/>\n\t\t<\/div>\n\n<p>&nbsp;<\/p>\n<p>&nbsp;<\/p>\n<p>&nbsp;<\/p>\n","protected":false},"excerpt":{"rendered":"<p>12. Juni \u2013\u00a019. Juli 2015 Sculptures3 Drei K\u00fcnstler zeigen Skulpturen, wie sie unterschiedlicher nicht sein k\u00f6nnten, obwohl sie teilweise mit den gleichen Materialien arbeiten. Holz, Metalle, erg\u00e4nzt um Farbe und weitere Bestandteile. Peter Vaughan schafft architektonische, teils auch biomorph anmutende Objekte, die im Gegensatz zu anderen Skulpturen scheinbar keine Vorder- und keine R\u00fcckseite haben, da [&hellip;]<\/p>\n","protected":false},"author":1,"featured_media":0,"parent":0,"menu_order":0,"comment_status":"open","ping_status":"closed","template":"templates\/fullwidth.php","meta":{"ngg_post_thumbnail":0,"footnotes":""},"_links":{"self":[{"href":"https:\/\/heynekunstfabrik.de\/home\/wp-json\/wp\/v2\/pages\/82"}],"collection":[{"href":"https:\/\/heynekunstfabrik.de\/home\/wp-json\/wp\/v2\/pages"}],"about":[{"href":"https:\/\/heynekunstfabrik.de\/home\/wp-json\/wp\/v2\/types\/page"}],"author":[{"embeddable":true,"href":"https:\/\/heynekunstfabrik.de\/home\/wp-json\/wp\/v2\/users\/1"}],"replies":[{"embeddable":true,"href":"https:\/\/heynekunstfabrik.de\/home\/wp-json\/wp\/v2\/comments?post=82"}],"version-history":[{"count":144,"href":"https:\/\/heynekunstfabrik.de\/home\/wp-json\/wp\/v2\/pages\/82\/revisions"}],"predecessor-version":[{"id":2123,"href":"https:\/\/heynekunstfabrik.de\/home\/wp-json\/wp\/v2\/pages\/82\/revisions\/2123"}],"wp:attachment":[{"href":"https:\/\/heynekunstfabrik.de\/home\/wp-json\/wp\/v2\/media?parent=82"}],"curies":[{"name":"wp","href":"https:\/\/api.w.org\/{rel}","templated":true}]}}